 j?
9
Let v(f) = f**3 + 47*f**2 - 49*f - 37. Let y be v(-48). What is the hundreds digit of 11/(y/4)*130?
5
Suppose -2*b = 8*i - 3*i + 418, -3*i = -3*b + 255. Let k = i - -294. What is the tens digit of k?
1
Let u = 26 - 39. Let t be 2 + ((-8)/52 - 41/u). Suppose -5*k - s = -538, -4*s - 350 - 173 = -t*k. What is the tens digit of k?
0
Suppose -4340 = 5*s - 2*b, -8*s - 2600 = -5*s - 2*b. What is the hundreds digit of (s/4)/(21/(-42))?
4
Suppose 5*o - 8*o = -2*q + 11, 2 = -q. Let m = 6 + -8. What is the hundreds digit of (o + (-60)/(-4))/(m/(-37))?
1
Suppose 3*i - o + 17530 = 0, 3*i + o = -20580 + 3046. What is the tens digit of i/(-9) + 75/45?
5
Let d be ((-4)/1)/((-108)/243). Suppose -d*w = -13*w - 3*x + 1826, -4*w = x - 1822. What is the hundreds digit of w?
4
Suppose 0*j - 3*i = 4*j - 235, -4*i + 130 = 2*j. Let x(m) = 26*m - 1815. Let y be x(72). Suppose -j = -v + y. What is the units digit of v?
2
Suppose -3*l + 11 = -i - 0*l, -3*i = 3*l - 27. What is the units digit of 565 + 0/(i - 2)?
5
Let a(g) = 23*g**3 + 620*g**2 + 26*g - 44. What is the tens digit of a(-26)?
5
Suppose -159*b = -160*b + 2. What is the units digit of (-19890)/(-24) - b/16*-2?
9
Let k(j) = 292*j + 554. What is the tens digit of k(18)?
1
Let s = -426 + 891. Let a(b) = b**3 - 30*b**2 - 106*b - 26. Let o be a(33). Let m = o + s. What is the tens digit of m?
0
What is the tens digit of ((-9734912)/(-55))/8 + (-1)/(-5)?
2
Let v(x) = x**3 + 3. Let o be v(0). Suppose -3*f + o*m = 7*m - 757, -2*m - 4 = 0. What is the tens digit of f?
5
What is the thousands digit of 5 + 2*(-6)/(-4) + 2453896/202?
2
Let v = 118814 - 71188. What is the ten thousands digit of v?
4
Let s = -971 - -2197. Suppose -3*t + i = -3*i - 1232, 3*t - i - s = 0. What is the units digit of t?
8
Let d(m) = -3*m**3 + 16*m**2 + 42*m - 34. What is the units digit of d(-12)?
0
Let b be -2*((-165)/(-2))/(-3). Let h = -1114 - -993. Let f = b - h. What is the hundreds digit of f?
1
Let l(w) = -1783*w**3 + 16*w**2 + 3*w. Let y(m) = 1783*m**3 - 14*m**2 - 2*m. Let r(h) = 5*l(h) + 6*y(h). What is the tens digit of r(1)?
8
Suppose 0 = 4*t + 5*q - 67533, -74768 = -4*t + 3*q - 7243. What is the thousands digit of t?
6
Suppose -2*a - 9 = 3*c, -231*c - 3*a = -235*c - 12. Suppose t - 4*t - 723 = 3*r, -4*r = -5*t + 955. What is the tens digit of ((-18)/5)/(9/r) - c?
9
Let o(l) = 105*l**3 + 4*l**2 - 3*l - 11. Let z be o(4). Suppose -21*q + 13294 = -z. What is the units digit of q?
5
Let u(g) = -g**3 - 3*g**2 - 11*g - 59. What is the tens digit of u(-12)?
6
Let n(y) = -4*y**2 - y - 5. Suppose -4*x - 10 + 2 = 0. Let z be n(x). Let d = z - -33. What is the units digit of d?
4
Suppose 20*t - 187096 + 24974 = 151338. What is the units digit of t?
3
Let p be (-2 + 3 + 5)*15/10. Let o be 12/54 - (-142)/p - 1. What is the units digit of 414/6*o/9?
5
Let q(l) = 91*l**2 + 30*l + 40. Let z(c) = -30*c**2 - 10*c - 14. Let i(s) = 4*q(s) + 11*z(s). What is the units digit of i(-3)?
2
Let h = 2044 - -1338. What is the tens digit of h?
8
Let n = -357 + 380. Let b(h) = 4*h**2 - 68*h + 2. What is the hundreds digit of b(n)?
5
Let p = 310 + -308. Suppose p*m - 538 = -418. What is the units digit of m?
0
Let a be 2/((12/(-218))/(-3)). Let x be (-13 - 9)/(12/(-18)). Suppose -d + x = -a. What is the hundreds digit of d?
1
Let n(h) = 3*h**2 + 29*h - 142. What is the units digit of n(24)?
2
Suppose -141*v = 190*v - 15341850. What is the thousands digit of v?
6
Let c(p) = -p**3 - 14*p**2 + 5*p + 89. Let z be c(-14). Let a(f) = -f**2 + 4*f - 5. Let r be a(5). Let k = r + z. What is the units digit of k?
9
What is the units digit of 7291/2 - (-11 + 165/22)?
9
Let v(b) = 7*b + 18. Let l be v(-4). What is the tens digit of 3/6 - (3235/l + 4)?
2
What is the ten thousands digit of 83/(1245/120) - -3*15561?
4
Let a = -17 - -18. Suppose -7*w = -64 + a. Let y = w - 4. What is the units digit of y?
5
Let g(c) = -6*c**3 + 18*c**2 + 24*c + 68. What is the units digit of g(-12)?
0
Let n(m) = -m**3 - 6*m**2 + 4*m + 69. Let q be n(-7). Suppose -3*b = 5*a - 250, 0*b - b - 3*a + q = 0. What is the tens digit of b?
7
Let w = 22 - 3. Let p(q) = q**3 - 6*q**2 + 14*q - 13. Let t be p(3). What is the tens digit of w/t*-12*(-42)/18?
6
Let w(n) = 4*n - n - 17 - n + 13*n. Let q be w(-18). Let x = 462 + q. What is the hundreds digit of x?
1
Suppose 382*o - 182*o - 443124 = 182*o. What is the hundreds digit of o?
6
Suppose -4*w - 36602 = -3*y, -97*w - 36614 = -3*y - 96*w. What is the units digit of y?
6
What is the tens digit of (-15534)/10*(-13 + (-464)/(-48))?
7
Let c = 19450 + -2539. What is the hundreds digit of c?
9
Let z(r) = -5*r + 30. Let s be z(3). Suppose -4503 = -6*t + s. What is the hundreds digit of t?
7
Suppose -3*z = -2*n + 2834, 0*n - n = 5*z + 4732. Let w = -582 - z. What is the hundreds digit of w?
3
What is the thousands digit of (-6 - (-3540 - -13)) + -2?
3
Let f(q) = -5*q - 64. Let o be f(-16). What is the units digit of (-774)/(-4)*o/6?
6
Let q(o) = -189*o + 413. What is the tens digit of q(-27)?
1
Let o(k) = 2*k**3 + 18*k**2 - 13*k + 5. Let q be o(-10). Let c = 98 - q. What is the tens digit of c?
6
Let s(n) = -n**3 + 35*n**2 + 87*n - 176. What is the thousands digit of s(34)?
3
Let r(t) = -12*t**3 - t**2 - 2*t - 1. Let b be r(-2). What is the thousands digit of (-570)/b + (0 - -1113)?
1
Let s(p) = -2*p**2 - 18*p + 11. Let f = 63 - 55. Let n be s(f). Let y = -77 - n. What is the hundreds digit of y?
1
Suppose -1584*b - 784008 = -1620*b. What is the units digit of b?
8
What is the units digit of (-123)/((-38)/(-182) + (-6)/21)?
9
Let o = 159 + -110. Let w be (-1 + 2 + 3)/2. Suppose -31 - o = -w*h. What is the units digit of h?
0
Suppose 15 = -161*o + 166*o. Suppose -3*f - 9 = -o*y + 12, 0 = -2*f - 4. Let k(m) = 2*m**3 + 3*m**2 - 10*m - 7. What is the hundreds digit of k(y)?
2
Let s be (174/15)/((-2)/(-10)). Let z = s + -68. Let x(d) = -d**3 - 10*d**2 - 3*d - 13. What is the tens digit of x(z)?
1
Let y(c) = -4706*c + 4703*c - 22 + 4. What is the units digit of y(-13)?
1
Let r be -2*(-18)/(-2 - 1). Suppose -o + 3*a = -0 + 10, 0 = -4*o + 3*a - 22. What is the units digit of ((-129)/o)/(r/(-32))?
6
Suppose -z = 2*a + 32, 5*a = -6*z + 3*z - 81. Let s = -15 - a. Suppose 6*d - 81 = 2*d - 5*y, s = d + 5*y - 24. What is the units digit of d?
9
Let z(u) = -u**3 + 21*u**2 - 77*u + 4. What is the units digit of z(6)?
2
What is the hundreds digit of (9/3)/3*((-10 - -9489) + 12)?
4
Suppose -15*t + 74834 = -55306. What is the hundreds digit of t?
6
Let c(d) = 144*d - 3. Let i = 51 - 37. Suppose -t - i = 5*x, -t + 4 = 2*x - 3*x. What is the hundreds digit of c(t)?
1
Suppose -7*g + 15395 = -3*g + 9*d, -d - 7725 = -2*g. What is the thousands digit of g?
3
Let f(m) = 1281*m**2 + 7*m - 1. Let t(y) = y**2 + 8*y + 17. Let h be t(-4). What is the hundreds digit of f(h)?
2
Let v be (-2)/(2/(-3)) - -3. Suppose -v*i + 2490 = -5*i. What is the tens digit of (-2 - (-24)/10) + i/25?
0
Let y(q) = -7*q + 45. Let b be y(4). Suppose b*z - 48 = 3. What is the units digit of z?
3
Let t = -22977 + 54831. What is the hundreds digit of t?
8
Let k be 1/3*(4 + 8). Let x(n) = 12*n**3 - 9*n**2 + 17*n - 3. What is the hundreds digit of x(k)?
6
Let w = -10030 - -20337. What is the tens digit of w?
0
Suppose 523*m - 513656 = 479*m. What is the hundreds digit of m?
6
Let k = -13 + 24. Let f = -749 + 749. Suppose -k*w + 14*w - 105 = f. What is the units digit of w?
5
Let v be 4554 + (-2 - (4 - 4)). Suppose 0 = -29*x + 37*x - v. What is the hundreds digit of x?
5
Suppose 11*k + 383 = 988. Suppose -20*c + 15*c = -k. Suppose o = c*o - 750. What is the tens digit of o?
7
Suppose -2*d = 4*f - 13036, -3*d + 14*f + 19572 = 11*f. What is the thousands digit of d?
6
Suppose 0 = -4*m - 2*p + 99654, -m + 15*p = 11*p - 24882. What is the hundreds digit of m?
9
Let u be -3 + (-12)/(32/8). What is the tens digit of 4 - -131 - -1*u/(-6)?
3
Let q = -3756 + 9181. What is the tens digit of q?
2
Suppose -206*n + 3982411 = -3638353. What is the hundreds digit of n?
9
Let o(u) = 2483*u - 1826. What is the units digit of o(5)?
9
Let j(a) = 19272*a - 36. What is the thousands digit of j(1)?
9
Let d = -66 - -71. Suppose f + 0*o + 2*o = 13, d*f + o - 47 = 0. Let b(c) = c**3 - 7*c**2 + c + 6. What is the hundreds digit of b(f)?